r when 2241 is divided by 6?
3
What is the remainder when 330 is divided by 29?
11
What is the remainder when 38 is divided by 31?
7
What is the remainder when 151 is divided by 72?
7
Calculate the remainder when 2182 is divided by 1083.
16
Calculate the remainder when 680 is divided by 31.
29
Calculate the remainder when 1074 is divided by 23.
16
What is the remainder when 61 is divided by 14?
5
Calculate the remainder when 339 is divided by 39.
27
What is the remainder when 74 is divided by 18?
2
Calculate the remainder when 187 is divided by 105.
82
Calculate the remainder when 441 is divided by 441.
0
What is the remainder when 1787 is divided by 6?
5
Calculate the remainder when 8092 is divided by 8.
4
What is the remainder when 100 is divided by 35?
30
Calculate the remainder when 425 is divided by 2.
1
Calculate the remainder when 139 is divided by 20.
19
Calculate the remainder when 3517 is divided by 69.
67
What is the remainder when 323 is divided by 41?
36
What is the remainder when 782 is divided by 56?
54
Calculate the remainder when 26257 is divided by 260.
257
What is the remainder when 254 is divided by 44?
34
Calculate the remainder when 234 is divided by 14.
10
Calculate the remainder when 566 is divided by 277.
12
What is the remainder when 447 is divided by 118?
93
Calculate the remainder when 31 is divided by 2.
1
What is the remainder when 885 is divided by 13?
1
What is the remainder when 111 is divided by 16?
15
Calculate the remainder when 2193 is divided by 3.
0
What is the remainder when 1127 is divided by 102?
5
What is the remainder when 419 is divided by 84?
83
What is the remainder when 1179 is divided by 170?
159
Calculate the remainder when 992 is divided by 17.
6
Calculate the remainder when 4113 is divided by 18.
9
Calculate the remainder when 1557 is divided by 738.
81
What is the remainder when 551 is divided by 92?
91
What is the remainder when 1878 is divided by 459?
42
What is the remainder when 7240 is divided by 102?
100
What is the remainder when 1439 is divided by 181?
172
Calculate the remainder when 13450 is divided by 14.
10
What is the remainder when 211 is divided by 55?
46
Calculate the remainder when 735 is divided by 46.
45
What is the remainder when 3273 is divided by 78?
75
What is the remainder when 927 is divided by 85?
77
Calculate the remainder when 124 is divided by 59.
6
Calculate the remainder when 5292 is divided by 481.
1
What is the remainder when 1008 is divided by 73?
59
Calculate the remainder when 21 is divided by 7.
0
Calculate the remainder when 197 is divided by 20.
17
Calculate the remainder when 72 is divided by 47.
25
What is the remainder when 5666 is divided by 93?
86
Calculate the remainder when 3637 is divided by 70.
67
What is the remainder when 14 is divided by 6?
2
What is the remainder when 1230 is divided by 6?
0
Calculate the remainder when 897 is divided by 25.
22
Calculate the remainder when 44 is divided by 36.
8
Calculate the remainder when 314 is divided by 29.
24
What is the remainder when 41 is divided by 38?
3
What is the remainder when 7280 is divided by 32?
16
Calculate the remainder when 15 is divided by 3.
0
Calculate the remainder when 559 is divided by 40.
39
What is the remainder when 381 is divided by 78?
69
What is the remainder when 11019 is divided by 10?
9
What is the remainder when 35 is divided by 19?
16
What is the remainder when 26 is divided by 14?
12
Calculate the remainder when 139 is divided by 22.
7
Calculate the remainder when 325 is divided by 118.
89
What is the remainder when 1404 is divided by 155?
9
What is the remainder when 508 is divided by 32?
28
What is the remainder when 190 is divided by 16?
14
What is the remainder when 848 is divided by 270?
38
What is the remainder when 184 is divided by 17?
14
What is the remainder when 209 is divided by 11?
0
What is the remainder when 24301 is divided by 62?
59
What is the remainder when 333 is divided by 300?
33
What is the remainder when 231 is divided by 97?
37
What is the remainder when 120 is divided by 38?
6
Calculate the remainder when 2718 is divided by 34.
32
What is the remainder when 1189 is divided by 199?
194
What is the remainder when 238 is divided by 44?
18
What is the remainder when 473 is divided by 79?
78
What is the remainder when 124 is divided by 99?
25
Calculate the remainder when 791 is divided by 4.
3
Calculate the remainder when 188 is divided by 22.
12
Calculate the remainder when 24887 is divided by 51.
50
Calculate the remainder when 150 is divided by 39.
33
What is the remainder when 381 is divided by 48?
45
Calculate the remainder when 111 is divided by 36.
3
Calculate the remainder when 442 is divided by 221.
0
Calculate the remainder when 178 is divided by 19.
7
Calculate the remainder when 271 is divided by 13.
11
What is the remainder when 319 is divided by 97?
28
Calculate the remainder when 137 is divided by 20.
17
Calculate the remainder when 744 is divided by 34.
30
What is the remainder when 30 is divided by 8?
6
What is the remainder when 197 is divided by 10?
7
Calculate the remainder when 46 is divided by 12.
10
Calculate the remainder when 636 is divided by 22.
20
What is the remainder when 28 is divided by 16?
12
Calculate the remainder when 10 is divided by 9.
1
What is the remainder when 415 is divided by 60?
55
Calculate the remainder when 892 is divided by 7.
3
Calculate the remainder when 109 is divided by 29.
22
What is the remainder when 1588 is divided by 6?
4
What is the remainder when 64 is divided by 13?
12
Calculate the remainder when 499 is divided by 246.
7
What is the remainder when 11855 is divided by 11?
8
Calculate the remainder when 69 is divided by 25.
19
What is the remainder when 43 is divided by 7?
1
What is the remainder when 236 is divided by 214?
22
Calculate the remainder when 112 is divided by 34.
10
Calculate the remainder when 232 is divided by 47.
44
What is the remainder when 306 is divided by 11?
9
Calculate the remainder when 531 is divided by 13.
11
What is the remainder when 898 is divided by 60?
58
Calculate the remainder when 86 is divided by 28.
2
What is the remainder when 2140 is divided by 304?
12
Calculate the remainder when 506 is divided by 78.
38
What is the remainder when 249 is divided by 18?
15
Calculate the remainder when 47 is divided by 8.
7
What is the remainder when 844 is divided by 53?
49
Calculate the remainder when 739 is divided by 10.
9
What is the remainder when 307 is divided by 101?
4
Calculate the remainder when 360 is divided by 14.
10
Calculate the remainder when 2283 is divided by 18.
15
What is the remainder when 973 is divided by 11?
5
What is the remainder when 610 is divided by 89?
76
Calculate the remainder when 861 is divided by 229.
174
What is the remainder when 393 is divided by 18?
15
Calculate the remainder when 4128 is divided by 59.
57
Calculate the remainder when 139 is divided by 12.
7
Calculate the remainder when 869 is divided by 130.
89
Calculate the remainder when 1885 is divided by 212.
189
Calculate the remainder when 4699 is divided by 66.
13
What is the remainder when 533 is divided by 36?
29
Calculate the remainder when 54 is divided by 19.
16
Calculate the remainder when 178 is divided by 63.
52
What is the remainder when 1477 is divided by 714?
49
Calculate the remainder when 73 is divided by 18.
1
What is the remainder when 78 is divided by 34?
10
What is the remainder when 2947 is divided by 50?
47
What is the remainder when 2973 is divided by 46?
29
Calculate the remainder when 289 is divided by 63.
37
What is the remainder when 2219 is divided by 30?
29
What is the remainder when 892 is divided by 10?
2
What is the remainder when 9 is divided by 5?
4
Calculate the remainder when 21165 is divided by 126.
123
What is the remainder when 879 is divided by 43?
19
What is the remainder when 2834 is divided by 189?
188
Calculate the remainder when 3334 is divided by 44.
34
What is the remainder when 137 is divided by 51?
35
Calculate the remainder when 77 is divided by 22.
11
Calculate the remainder when 4294 is divided by 21.
10
What is the remainder when 178 is divided by 45?
43
Calculate the remainder when 35 is divided by 5.
0
Calculate th